{"id":6451,"date":"2021-09-01T12:52:12","date_gmt":"2021-09-01T12:52:12","guid":{"rendered":"https:\/\/woolskins.eu\/alwero-baby-winterpak-lammy-ecru"},"modified":"2026-04-24T20:43:59","modified_gmt":"2026-04-24T20:43:59","slug":"alwero-baby-vinterdrakt-lammy-ecru","status":"publish","type":"product","link":"https:\/\/woolskins.eu\/sv\/alwero-baby-winterpak-lammy-ecru\/","title":{"rendered":"Ull baby vinterdr\u00e4kt tumlad | Ecru"},"content":{"rendered":"<p>Dit product is gemaakt van\u00a0<strong>zuivere scheerwol met Oeko-Tex keurmerk<\/strong>. Dit winterpak wordt gedragen over de kleding, houdt daar rekening mee wat de juiste maat betreft.<\/p>\n<p>\u2013 Gemaakt van\u00a0zuivere scheerwol met Oeko-Tex keurmerk.<br \/>\n\u2013 Integrerade vantar och f\u00f6tter i \u00e4rm och ben.<br \/>\n\u2013 \u00d6ppningen forts\u00e4tter in i r\u00f6ret.<br \/>\n\u2013 kan tv\u00e4ttas i 30\u00b0C ulltv\u00e4ttprogram.<br \/>\n\u2013 Titta p\u00e5 &quot;Sizes in Centimeters&quot; f\u00f6r r\u00e4tt storlek i cm.<\/p>\n<p>V\u00e5ra Eco Wool vinterdr\u00e4kter \u00e4r mycket l\u00e4mpliga f\u00f6r de sm\u00e5 tack vare ullfibrernas naturliga egenskaper. Dessa andas och har egenskapen att fungera som en naturlig termostat som reglerar kroppstemperaturen? Detta hj\u00e4lper ditt barn att h\u00e5lla en stabil temperatur och h\u00e5ller ditt barn torrt och bekv\u00e4mt.<\/p>\n<h5 class=\"Text1893342656__root Text1893342656---typography-11-runningText Text1893342656---priority-7-primary s8gg2 _2UIKs InfoSectionTitle3095652555__root\" aria-hidden=\"false\" data-hook=\"info-section-title\">Storlekar i centimeter<\/h5>\n<div class=\"rah-static rah-static--height-auto\" aria-hidden=\"false\">\n<div>\n<div class=\"_1yvxJ fggS- cell\">\n<div class=\"WncCi\" data-hook=\"info-section-description\">\n<p>Storlek: 0-6 m\u00e5nader L\u00e4ngd: 60cm (axel till botten) Bredd: 30cm (armh\u00e5la).<br \/>\nStorlek: 6-18 m\u00e5nader L\u00e4ngd: 68cm (axel till botten) Bredd: 33cm (armh\u00e5la).<\/p>\n<\/div>\n<\/div>\n<\/div>\n<\/div>\n<div class=\"rah-static rah-static--height-auto\" aria-hidden=\"false\">\n<div class=\"_1yvxJ fggS- cell\">\n<div class=\"WncCi\" data-hook=\"info-section-description\">\n<h5>Ullskinnsetikett<\/h5>\n<p class=\"brz-lh-xs-1_8 brz-fs-xs-17 brz-text-xs-center brz-text-lg-center brz-tp-lg-empty brz-ff-roboto brz-ft-google brz-fs-lg-17 brz-fss-lg-px brz-fw-lg-400 brz-ls-lg-0 brz-lh-lg-1_8 brz-css-xtqtg\" data-generated-css=\"brz-css-djhzh\" data-uniq-id=\"odjfi\">P\u00e5 Woolskins tror vi p\u00e5 kraften i den rena naturen. Vi designar och tillverkar snygga, mjuka och slitstarka produkter av 100%-ull, s\u00e4rskilt f\u00f6r de allra minsta. V\u00e5r Woolskins-kollektion \u00e4r designad av oss sj\u00e4lva och noggrant producerad i Europa, med den finaste och b\u00e4sta ullkvaliteten. Vi v\u00e4ljer medvetet lokal produktion med naturliga och h\u00e5llbara material. P\u00e5 s\u00e5 s\u00e4tt garanterar vi inte bara kvalitet och mjukhet, utan ocks\u00e5 en \u00e4rlig och ansvarsfull produkt. Woolskins omsluter ditt barn med mjukheten fr\u00e5n den rena naturen, designad med k\u00e4rlek och omsorg. F\u00f6r en s\u00e4ker, naturlig och bekv\u00e4m start i livet.<\/p>\n<\/div>\n<\/div>\n<\/div>","protected":false},"excerpt":{"rendered":"<p data-start=\"99\" data-end=\"426\">Dit wollen winterpak zit heerlijk comfortabel en houdt je kindje aangenaam warm. Het is gemaakt van zuivere scheerwol met Oeko-Tex keurmerk, waardoor het zacht en veilig is voor de gevoelige babyhuid. Het pak zorgt ervoor dat je kindje helemaal klaar is voor frisse momenten buiten, zonder in te leveren op bewegingsvrijheid.<\/p>\n<p data-start=\"428\" data-end=\"832\" data-is-last-node=\"\" data-is-only-node=\"\">De opening loopt extra ver door, zodat je je baby gemakkelijk aan- en uit kunt kleden. Dankzij de praktische omslagjes aan handen en voeten blijven ook deze goed beschermd tegen de kou. Het winterpak is geschikt voor het voorjaar, najaar \u00e9n de winter. Door de natuurlijke, ademende en absorberende eigenschappen van wol blijft de lichaamstemperatuur goed in balans en zal je kindje niet snel gaan zweten.<\/p>\n<p><strong>M\u00e4rke: Woolskins<\/strong><br \/>\n<strong>Produktion: Polen<br \/>\nKeur: Oeko-Tex Standard<\/strong><\/p>\n<p><img loading=\"lazy\" decoding=\"async\" class=\"alignnone wp-image-28173 entered lazyloaded\" src=\"https:\/\/woolskins.eu\/wp-content\/uploads\/2024\/05\/csm_OEKO-TEX_Logo_2022_rgb_c1aaeb5ceb-300x300.jpg\" alt=\"\" width=\"89\" height=\"89\" data-lazy-src=\"https:\/\/woolskins.eu\/wp-content\/uploads\/2024\/05\/csm_OEKO-TEX_Logo_2022_rgb_c1aaeb5ceb-300x300.jpg\" data-ll-status=\"loaded\" srcset=\"https:\/\/woolskins.eu\/wp-content\/uploads\/2024\/05\/csm_OEKO-TEX_Logo_2022_rgb_c1aaeb5ceb-300x300.jpg 300w, https:\/\/woolskins.eu\/wp-content\/uploads\/2024\/05\/csm_OEKO-TEX_Logo_2022_rgb_c1aaeb5ceb-150x150.jpg 150w, https:\/\/woolskins.eu\/wp-content\/uploads\/2024\/05\/csm_OEKO-TEX_Logo_2022_rgb_c1aaeb5ceb-768x769.jpg 768w, https:\/\/woolskins.eu\/wp-content\/uploads\/2024\/05\/csm_OEKO-TEX_Logo_2022_rgb_c1aaeb5ceb-12x12.jpg 12w, https:\/\/woolskins.eu\/wp-content\/uploads\/2024\/05\/csm_OEKO-TEX_Logo_2022_rgb_c1aaeb5ceb-600x601.jpg 600w, https:\/\/woolskins.eu\/wp-content\/uploads\/2024\/05\/csm_OEKO-TEX_Logo_2022_rgb_c1aaeb5ceb-100x100.jpg 100w, https:\/\/woolskins.eu\/wp-content\/uploads\/2024\/05\/csm_OEKO-TEX_Logo_2022_rgb_c1aaeb5ceb-64x64.jpg 64w, https:\/\/woolskins.eu\/wp-content\/uploads\/2024\/05\/csm_OEKO-TEX_Logo_2022_rgb_c1aaeb5ceb.jpg 885w\" sizes=\"auto, (max-width: 89px) 100vw, 89px\" \/><\/p>","protected":false},"featured_media":13393,"comment_status":"closed","ping_status":"closed","template":"","meta":{"_acf_changed":false},"product_brand":[],"product_cat":[364,200,196,344,463,319,194],"product_tag":[],"class_list":{"0":"post-6451","1":"product","2":"type-product","3":"status-publish","4":"has-post-thumbnail","6":"product_cat-cadeaus-vanaf-e50","7":"product_cat-wollen-babykleding","8":"product_cat-slaapkleding-baby","9":"product_cat-kleertjes","10":"product_cat-winterpak","11":"product_cat-pakjes-en-jasjes","12":"product_cat-wollen-babyproducten","13":"pa_maat-0-6-maanden","14":"pa_maat-6-18-maanden","16":"first","17":"instock","18":"taxable","19":"shipping-taxable","20":"purchasable","21":"product-type-variable"},"acf":[],"_links":{"self":[{"href":"https:\/\/woolskins.eu\/sv\/wp-json\/wp\/v2\/product\/6451","targetHints":{"allow":["GET"]}}],"collection":[{"href":"https:\/\/woolskins.eu\/sv\/wp-json\/wp\/v2\/product"}],"about":[{"href":"https:\/\/woolskins.eu\/sv\/wp-json\/wp\/v2\/types\/product"}],"replies":[{"embeddable":true,"href":"https:\/\/woolskins.eu\/sv\/wp-json\/wp\/v2\/comments?post=6451"}],"wp:featuredmedia":[{"embeddable":true,"href":"https:\/\/woolskins.eu\/sv\/wp-json\/wp\/v2\/media\/13393"}],"wp:attachment":[{"href":"https:\/\/woolskins.eu\/sv\/wp-json\/wp\/v2\/media?parent=6451"}],"wp:term":[{"taxonomy":"product_brand","embeddable":true,"href":"https:\/\/woolskins.eu\/sv\/wp-json\/wp\/v2\/product_brand?post=6451"},{"taxonomy":"product_cat","embeddable":true,"href":"https:\/\/woolskins.eu\/sv\/wp-json\/wp\/v2\/product_cat?post=6451"},{"taxonomy":"product_tag","embeddable":true,"href":"https:\/\/woolskins.eu\/sv\/wp-json\/wp\/v2\/product_tag?post=6451"}],"curies":[{"name":"wp","href":"https:\/\/api.w.org\/{rel}","templated":true}]}}

Ull baby vinterdräkt tumlad | Ecru

<p>Dit product is gemaakt van <strong>zuivere scheerwol met Oeko-Tex keurmerk</strong>. Dit winterpak wordt gedragen over de kleding, houdt daar rekening mee wat de juiste maat betreft.</p>
<p>– Gemaakt van zuivere scheerwol met Oeko-Tex keurmerk.<br />
– Integrerade vantar och fötter i ärm och ben.<br />
– Öppningen fortsätter in i röret.<br />
– kan tvättas i 30°C ulltvättprogram.<br />
– Titta på &quot;Sizes in Centimeters&quot; för rätt storlek i cm.</p>
<p>Våra Eco Wool vinterdräkter är mycket lämpliga för de små tack vare ullfibrernas naturliga egenskaper. Dessa andas och har egenskapen att fungera som en naturlig termostat som reglerar kroppstemperaturen? Detta hjälper ditt barn att hålla en stabil temperatur och håller ditt barn torrt och bekvämt.</p>
<h5 class="Text1893342656__root Text1893342656---typography-11-runningText Text1893342656---priority-7-primary s8gg2 _2UIKs InfoSectionTitle3095652555__root" aria-hidden="false" data-hook="info-section-title">Storlekar i centimeter</h5>
<div class="rah-static rah-static--height-auto" aria-hidden="false">
<div>
<div class="_1yvxJ fggS- cell">
<div class="WncCi" data-hook="info-section-description">
<p>Storlek: 0-6 månader Längd: 60cm (axel till botten) Bredd: 30cm (armhåla).<br />
Storlek: 6-18 månader Längd: 68cm (axel till botten) Bredd: 33cm (armhåla).</p>
</div>
</div>
</div>
</div>
<div class="rah-static rah-static--height-auto" aria-hidden="false">
<div class="_1yvxJ fggS- cell">
<div class="WncCi" data-hook="info-section-description">
<h5>Ullskinnsetikett</h5>
<p class="brz-lh-xs-1_8 brz-fs-xs-17 brz-text-xs-center brz-text-lg-center brz-tp-lg-empty brz-ff-roboto brz-ft-google brz-fs-lg-17 brz-fss-lg-px brz-fw-lg-400 brz-ls-lg-0 brz-lh-lg-1_8 brz-css-xtqtg" data-generated-css="brz-css-djhzh" data-uniq-id="odjfi">På Woolskins tror vi på kraften i den rena naturen. Vi designar och tillverkar snygga, mjuka och slitstarka produkter av 100%-ull, särskilt för de allra minsta. Vår Woolskins-kollektion är designad av oss själva och noggrant producerad i Europa, med den finaste och bästa ullkvaliteten. Vi väljer medvetet lokal produktion med naturliga och hållbara material. På så sätt garanterar vi inte bara kvalitet och mjukhet, utan också en ärlig och ansvarsfull produkt. Woolskins omsluter ditt barn med mjukheten från den rena naturen, designad med kärlek och omsorg. För en säker, naturlig och bekväm start i livet.</p>
</div>
</div>
</div>

<p data-start="99" data-end="426">Dit wollen winterpak zit heerlijk comfortabel en houdt je kindje aangenaam warm. Het is gemaakt van zuivere scheerwol met Oeko-Tex keurmerk, waardoor het zacht en veilig is voor de gevoelige babyhuid. Het pak zorgt ervoor dat je kindje helemaal klaar is voor frisse momenten buiten, zonder in te leveren op bewegingsvrijheid.</p>
<p data-start="428" data-end="832" data-is-last-node="" data-is-only-node="">De opening loopt extra ver door, zodat je je baby gemakkelijk aan- en uit kunt kleden. Dankzij de praktische omslagjes aan handen en voeten blijven ook deze goed beschermd tegen de kou. Het winterpak is geschikt voor het voorjaar, najaar én de winter. Door de natuurlijke, ademende en absorberende eigenschappen van wol blijft de lichaamstemperatuur goed in balans en zal je kindje niet snel gaan zweten.</p>
<p><strong>Märke: Woolskins</strong><br />
<strong>Produktion: Polen<br />
Keur: Oeko-Tex Standard</strong></p>
<p><img loading="lazy" decoding="async" class="alignnone wp-image-28173 entered lazyloaded" src="https://woolskins.eu/wp-content/uploads/2024/05/csm_OEKO-TEX_Logo_2022_rgb_c1aaeb5ceb-300x300.jpg" alt="" width="89" height="89" data-lazy-src="https://woolskins.eu/wp-content/uploads/2024/05/csm_OEKO-TEX_Logo_2022_rgb_c1aaeb5ceb-300x300.jpg" data-ll-status="loaded" srcset="https://woolskins.eu/wp-content/uploads/2024/05/csm_OEKO-TEX_Logo_2022_rgb_c1aaeb5ceb-300x300.jpg 300w, https://woolskins.eu/wp-content/uploads/2024/05/csm_OEKO-TEX_Logo_2022_rgb_c1aaeb5ceb-150x150.jpg 150w, https://woolskins.eu/wp-content/uploads/2024/05/csm_OEKO-TEX_Logo_2022_rgb_c1aaeb5ceb-768x769.jpg 768w, https://woolskins.eu/wp-content/uploads/2024/05/csm_OEKO-TEX_Logo_2022_rgb_c1aaeb5ceb-12x12.jpg 12w, https://woolskins.eu/wp-content/uploads/2024/05/csm_OEKO-TEX_Logo_2022_rgb_c1aaeb5ceb-600x601.jpg 600w, https://woolskins.eu/wp-content/uploads/2024/05/csm_OEKO-TEX_Logo_2022_rgb_c1aaeb5ceb-100x100.jpg 100w, https://woolskins.eu/wp-content/uploads/2024/05/csm_OEKO-TEX_Logo_2022_rgb_c1aaeb5ceb-64x64.jpg 64w, https://woolskins.eu/wp-content/uploads/2024/05/csm_OEKO-TEX_Logo_2022_rgb_c1aaeb5ceb.jpg 885w" sizes="auto, (max-width: 89px) 100vw, 89px" /></p>
