{"id":11237,"date":"2022-06-20T13:38:31","date_gmt":"2022-06-20T13:38:31","guid":{"rendered":"https:\/\/woolskins.eu\/?post_type=product&#038;p=11237"},"modified":"2025-11-12T11:30:07","modified_gmt":"2025-11-12T11:30:07","slug":"bucket-hat-black","status":"publish","type":"product","link":"https:\/\/woolskins.eu\/pl\/bucket-hat-black\/","title":{"rendered":"A Basic Brand &#8211; Baby Bucket Hat | black"},"content":{"rendered":"<h6>A Baby Brand<\/h6>\n<p>Prawdziwy letni must-have to p\u0142\u00f3cienny kapelusz typu Bucket z postrz\u0119pionymi brzegami. Dost\u0119pne w 4 kolorach dla prawdziwego mieszania i dopasowywania. Szeroka gama rozmiar\u00f3w \u2013 3 rozmiary od noworodka do doros\u0142ego \u2013 sprawia, \u017ce ta czapka to kolejny produkt A BABY BRAND dla dzieci i rodzic\u00f3w.<\/p>\n<p>Rozmiary:<\/p>\n<p>S-0\/12m-46cm<br \/>\nM-1\/4y-53cm<br \/>\nL \u2013 4 lata\/doros\u0142y \u2013 60 cm<\/p>\n<h5>A Baby Brand<\/h5>\n<p>Odkryj prawdziwie minimalistyczn\u0105 garderob\u0119 pe\u0142n\u0105 praktycznych rzeczy. Mieszaj i dopasowuj nasze modele i kolory unisex. Bez logo, bez nadruku, bez zamieszania.<\/p>\n<p>Nasz\u0105 misj\u0105 jest u\u0142atwianie Ci \u017cycia, dlatego jedn\u0105 z g\u0142\u00f3wnych idei naszej filozofii jest PRAKTYKA. Bardzo troszczymy si\u0119 r\u00f3wnie\u017c o nasz\u0105 planet\u0119 i chcieliby\u015bmy, aby wszyscy prowadzili bardziej minimalistyczne \u017cycie, a tym samym zu\u017cywali mniej odzie\u017cy (#CONSUMEWISELY).<\/p>\n<p>Dlatego jako\u015b\u0107 naszych produkt\u00f3w jest najwy\u017csza z mo\u017cliwych. Mo\u017cesz ich u\u017cywa\u0107 przez lata i przekazywa\u0107 dalej, kiedy sko\u0144czysz. U\u017cywamy tkanin wierzchnich z Certyfikatem Bawe\u0142ny Organicznej GOTS oraz STANDARD 100 by OEKO-TEX\u00ae. Wszystkie nasze produkty mo\u017cna pra\u0107 w pralce i suszy\u0107 w suszarce tak cz\u0119sto, jak chcesz. Przekonasz si\u0119, \u017ce naszego bawe\u0142nianego polaru nie trzeba nawet prasowa\u0107, aby dobrze wygl\u0105da\u0142.<\/p>","protected":false},"excerpt":{"rendered":"<h6>A Baby Brand<\/h6>\n<p>Prawdziwy letni must-have to p\u0142\u00f3cienny kapelusz typu Bucket z postrz\u0119pionymi brzegami.<\/p>","protected":false},"featured_media":11243,"comment_status":"closed","ping_status":"closed","template":"","meta":{"_acf_changed":false},"product_brand":[],"product_cat":[335,351,361,360,362,350,529,535,31],"product_tag":[],"class_list":{"0":"post-11237","1":"product","2":"type-product","3":"status-publish","4":"has-post-thumbnail","6":"product_cat-a_baby_brand","7":"product_cat-accessoiresvoormama","8":"product_cat-babyshower","9":"product_cat-cadeautips","10":"product_cat-cadeaus-tot-e-25","11":"product_cat-fashion","12":"product_cat-katoenen-babykleertjes","13":"product_cat-katoenen-babymuts-babysjaaltjes","14":"product_cat-yogamat-wol","15":"pa_maat-l","16":"pa_maat-m","17":"pa_maat-s","19":"first","20":"instock","21":"taxable","22":"shipping-taxable","23":"purchasable","24":"product-type-variable"},"acf":[],"_links":{"self":[{"href":"https:\/\/woolskins.eu\/pl\/wp-json\/wp\/v2\/product\/11237","targetHints":{"allow":["GET"]}}],"collection":[{"href":"https:\/\/woolskins.eu\/pl\/wp-json\/wp\/v2\/product"}],"about":[{"href":"https:\/\/woolskins.eu\/pl\/wp-json\/wp\/v2\/types\/product"}],"replies":[{"embeddable":true,"href":"https:\/\/woolskins.eu\/pl\/wp-json\/wp\/v2\/comments?post=11237"}],"wp:featuredmedia":[{"embeddable":true,"href":"https:\/\/woolskins.eu\/pl\/wp-json\/wp\/v2\/media\/11243"}],"wp:attachment":[{"href":"https:\/\/woolskins.eu\/pl\/wp-json\/wp\/v2\/media?parent=11237"}],"wp:term":[{"taxonomy":"product_brand","embeddable":true,"href":"https:\/\/woolskins.eu\/pl\/wp-json\/wp\/v2\/product_brand?post=11237"},{"taxonomy":"product_cat","embeddable":true,"href":"https:\/\/woolskins.eu\/pl\/wp-json\/wp\/v2\/product_cat?post=11237"},{"taxonomy":"product_tag","embeddable":true,"href":"https:\/\/woolskins.eu\/pl\/wp-json\/wp\/v2\/product_tag?post=11237"}],"curies":[{"name":"wp","href":"https:\/\/api.w.org\/{rel}","templated":true}]}}

<h6>A Baby Brand</h6>
<p>Prawdziwy letni must-have to płócienny kapelusz typu Bucket z postrzępionymi brzegami. Dostępne w 4 kolorach dla prawdziwego mieszania i dopasowywania. Szeroka gama rozmiarów – 3 rozmiary od noworodka do dorosłego – sprawia, że ta czapka to kolejny produkt A BABY BRAND dla dzieci i rodziców.</p>
<p>Rozmiary:</p>
<p>S-0/12m-46cm<br />
M-1/4y-53cm<br />
L – 4 lata/dorosły – 60 cm</p>
<h5>A Baby Brand</h5>
<p>Odkryj prawdziwie minimalistyczną garderobę pełną praktycznych rzeczy. Mieszaj i dopasowuj nasze modele i kolory unisex. Bez logo, bez nadruku, bez zamieszania.</p>
<p>Naszą misją jest ułatwianie Ci życia, dlatego jedną z głównych idei naszej filozofii jest PRAKTYKA. Bardzo troszczymy się również o naszą planetę i chcielibyśmy, aby wszyscy prowadzili bardziej minimalistyczne życie, a tym samym zużywali mniej odzieży (#CONSUMEWISELY).</p>
<p>Dlatego jakość naszych produktów jest najwyższa z możliwych. Możesz ich używać przez lata i przekazywać dalej, kiedy skończysz. Używamy tkanin wierzchnich z Certyfikatem Bawełny Organicznej GOTS oraz STANDARD 100 by OEKO-TEX®. Wszystkie nasze produkty można prać w pralce i suszyć w suszarce tak często, jak chcesz. Przekonasz się, że naszego bawełnianego polaru nie trzeba nawet prasować, aby dobrze wyglądał.</p>

<h6>A Baby Brand</h6>
<p>Prawdziwy letni must-have to płócienny kapelusz typu Bucket z postrzępionymi brzegami.</p>
